{"id":5,"date":"2022-11-16T16:03:31","date_gmt":"2022-11-16T19:03:31","guid":{"rendered":"http:\/\/carolinepezzi.com.br\/?page_id=5"},"modified":"2024-08-15T15:44:12","modified_gmt":"2024-08-15T18:44:12","slug":"aulas-individuais","status":"publish","type":"page","link":"https:\/\/carolinepezzi.com.br\/index.php\/aulas-individuais\/","title":{"rendered":"Aulas Individuais"},"content":{"rendered":"\n<p>Nas aulas individuais de adestramento, oferecemos treinamentos personalizados para atender \u00e0s necessidades espec\u00edficas de cada animal. Nossas aulas n\u00e3o apenas ensinam comandos de obedi\u00eancia, mas tamb\u00e9m orientam os tutores sobre como interagir melhor com seus pets, proporcionando um controle mais eficiente nas situa\u00e7\u00f5es do dia a dia.<\/p>\n\n\n\n<p><strong>Benef\u00edcios do Adestramento Positivo para Seu Pet e para Voc\u00ea<\/strong><\/p>\n\n\n\n<p>O adestramento positivo traz uma s\u00e9rie de benef\u00edcios tanto para o animal quanto para seu tutor. Atrav\u00e9s desse m\u00e9todo, os tutores aprendem a se comunicar de forma mais eficaz com seus pets, facilitando a compreens\u00e3o das expectativas da fam\u00edlia. Isso resulta em um conv\u00edvio mais harmonioso e agrad\u00e1vel.<\/p>\n\n\n\n<p>Al\u00e9m disso, o adestramento ajuda a estabelecer limites de forma respeitosa e carinhosa, assim como voc\u00ea faria com uma crian\u00e7a. Ensinar comandos e comportamentos apropriados fortalece a rela\u00e7\u00e3o entre o tutor e o pet, promovendo um ambiente mais seguro e confi\u00e1vel.<\/p>\n\n\n\n<p><strong>A Import\u00e2ncia do Adestramento para o Comportamento do Seu Pet<\/strong><\/p>\n\n\n\n<p>O adestramento n\u00e3o se limita a ensinar comandos; ele tamb\u00e9m \u00e9 fundamental para tornar os pets mais soci\u00e1veis, educados e equilibrados. Trabalhamos para prevenir e modificar comportamentos indesejados, enquanto incentivamos os comportamentos positivos. O resultado \u00e9 uma rela\u00e7\u00e3o mais saud\u00e1vel e harmoniosa entre voc\u00ea e seu pet.<\/p>\n\n\n\n<p>Para saber mais sobre como o adestramento positivo pode transformar a vida do seu pet e melhorar seu relacionamento, <strong>entre em contato conosco<\/strong> hoje mesmo!<\/p>\n","protected":false},"excerpt":{"rendered":"<p>Nas aulas individuais de adestramento, oferecemos treinamentos personalizados para atender \u00e0s necessidades espec\u00edficas de cada animal. Nossas aulas n\u00e3o apenas ensinam comandos de obedi\u00eancia, mas tamb\u00e9m orientam os tutores sobre como interagir melhor com seus pets, proporcionando um controle mais eficiente nas situa\u00e7\u00f5es do dia a dia. Benef\u00edcios do Adestramento Positivo para Seu Pet e para Voc\u00ea O adestramento positivo traz uma s\u00e9rie de benef\u00edcios tanto para o animal quanto para seu tutor. Atrav\u00e9s desse m\u00e9todo, os tutores aprendem a se comunicar de forma mais eficaz com seus pets, facilitando a compreens\u00e3o das expectativas da fam\u00edlia. Isso resulta em um&#8230; <\/p>\n","protected":false},"author":1,"featured_media":0,"parent":0,"menu_order":0,"comment_status":"closed","ping_status":"closed","template":"","meta":{"footnotes":""},"class_list":["post-5","page","type-page","status-publish","hentry"],"aioseo_notices":[],"_links":{"self":[{"href":"https:\/\/carolinepezzi.com.br\/index.php\/wp-json\/wp\/v2\/pages\/5","targetHints":{"allow":["GET"]}}],"collection":[{"href":"https:\/\/carolinepezzi.com.br\/index.php\/wp-json\/wp\/v2\/pages"}],"about":[{"href":"https:\/\/carolinepezzi.com.br\/index.php\/wp-json\/wp\/v2\/types\/page"}],"author":[{"embeddable":true,"href":"https:\/\/carolinepezzi.com.br\/index.php\/wp-json\/wp\/v2\/users\/1"}],"replies":[{"embeddable":true,"href":"https:\/\/carolinepezzi.com.br\/index.php\/wp-json\/wp\/v2\/comments?post=5"}],"version-history":[{"count":12,"href":"https:\/\/carolinepezzi.com.br\/index.php\/wp-json\/wp\/v2\/pages\/5\/revisions"}],"predecessor-version":[{"id":508,"href":"https:\/\/carolinepezzi.com.br\/index.php\/wp-json\/wp\/v2\/pages\/5\/revisions\/508"}],"wp:attachment":[{"href":"https:\/\/carolinepezzi.com.br\/index.php\/wp-json\/wp\/v2\/media?parent=5"}],"curies":[{"name":"wp","href":"https:\/\/api.w.org\/{rel}","templated":true}]}}